tor of 2238848167?
False
Is 2133124 a multiple of 28?
True
Does 27 divide 836564376?
False
Is 12 a factor of 163807356?
True
Is 114 a factor of 176577336?
True
Is 1737150228 a multiple of 131?
False
Does 8736 divide 4495971074?
False
Is 1077711920 a multiple of 8?
True
Does 96 divide 72565301?
False
Does 2401 divide 43881050?
False
Is 37 a factor of 22847391?
False
Does 213 divide 4256166?
True
Is 2428 a factor of 1575730229?
False
Is 16 a factor of 7137232?
True
Is 62 a factor of 13115294?
True
Is 20480857 a multiple of 9?
False
Is 7889329 a multiple of 135?
False
Is 53410656 a multiple of 13?
True
Is 849007298 a multiple of 11?
False
Is 97 a factor of 8616704?
True
Is 358 a factor of 769763008?
True
Is 509097312 a multiple of 324?
True
Is 330 a factor of 169543110?
True
Is 685716950 a multiple of 415?
True
Is 2588 a factor of 1277868683?
False
Does 50 divide 54670950?
True
Does 28 divide 110269488?
True
Is 1907 a factor of 51517564?
False
Is 181284289 a multiple of 57?
False
Does 23 divide 3111808?
True
Is 29 a factor of 37831394?
False
Does 398 divide 8480584?
True
Does 26 divide 116398225?
False
Is 366098702 a multiple of 9067?
False
Is 77934937 a multiple of 139?
True
Is 1651 a factor of 5880649553?
False
Is 4132 a factor of 157950643?
False
Does 14 divide 636033888?
True
Does 444 divide 1265745271?
False
Is 60 a factor of 196921260?
True
Is 17 a factor of 206363145?
False
Is 32321517 a multiple of 6?
False
Does 5100 divide 1137998700?
True
Is 1171028408 a multiple of 78?
False
Is 17920284 a multiple of 111?
True
Does 78 divide 28313189?
False
Is 13 a factor of 5518789?
False
Is 1880247228 a multiple of 452?
True
Does 151 divide 26732042?
False
Is 75 a factor of 993541725?
True
Is 68 a factor of 10621532?
True
Is 335 a factor of 5634365?
True
Is 1318 a factor of 921615806?
False
Does 765 divide 33933870?
True
Is 32744400 a multiple of 150?
True
Is 50228672 a multiple of 638?
False
Is 3004502107 a multiple of 20?
False
Is 1044031945 a multiple of 1703?
False
Does 390 divide 281039460?
True
Is 1207353994 a multiple of 11?
True
Does 46 divide 98118962?
False
Is 219356928 a multiple of 2784?
True
Is 397655090 a multiple of 687?
False
Is 9 a factor of 28207111?
False
Does 5 divide 9007267?
False
Does 79 divide 789446635?
False
Is 19 a factor of 131208376?
True
Does 485 divide 50467160?
True
Is 61 a factor of 399905508?
True
Is 412454019 a multiple of 2754?
False
Does 245 divide 79382109?
False
Is 7 a factor of 224538153?
True
Is 428678175 a multiple of 51?
False
Is 700205430 a multiple of 128?
False
Is 32 a factor of 107430336?
True
Is 29 a factor of 109024253?
True
Is 722 a factor of 57217259?
False
Does 22 divide 44949256?
True
Does 266 divide 11273080?
True
Is 32219597 a multiple of 48?
False
Does 24 divide 485260707?
False
Does 67 divide 29353362?
False
Does 48 divide 18530448?
True
Is 54281245 a multiple of 113?
True
Is 201107956 a multiple of 98?
True
Is 50 a factor of 44822605?
False
Does 4 divide 12331236?
True
Does 15 divide 126696952?
False
Is 46 a factor of 8405654?
False
Is 508 a factor of 28781305?
False
Does 19 divide 152059071?
True
Does 5633 divide 12939174?
False
Does 4 divide 724418852?
True
Is 120023083 a multiple of 196?
False
Is 3287554713 a multiple of 10?
False
Is 799948625 a multiple of 17?
False
Is 432162365 a multiple of 1535?
True
Does 208 divide 8290802?
False
Is 1347 a factor of 252878566?
False
Does 2371 divide 499489086?
True
Is 659 a factor of 643206360?
False
Is 49 a factor of 1870067?
False
Is 73593399 a multiple of 517?
True
Is 2117 a factor of 176684820?
True
Is 3394 a factor of 1112050580?
False
Does 44 divide 683778746?
False
Is 29467260 a multiple of 1385?
True
Is 142 a factor of 2013158282?
True
Is 798280082 a multiple of 19?
False
Is 820 a factor of 60050670?
False
Is 30 a factor of 137191980?
True
Is 19 a factor of 12154043?
False
Is 82 a factor of 135619390?
True
Is 5517180 a multiple of 12?
True
Does 36 divide 383668693?
False
Is 203490680 a multiple of 29?
True
Is 393 a factor of 26422176?
True
Does 8 divide 4774952?
True
Does 6 divide 14767068?
True
Does 69 divide 16031115?
True
Does 118 divide 640439838?
False
Does 2119 divide 1221132561?
False
Does 124 divide 13876752?
False
Is 59 a factor of 33779683?
True
Does 5 divide 61928261?
False
Does 27 divide 165756046?
False
Is 709 a factor of 1172362914?
False
Does 5 divide 27607630?
True
Does 17 divide 41641615?
False
Does 1006 divide 11790104?
False
Is 2601 a factor of 25763380?
False
Is 30530430 a multiple of 2205?
True
Does 15 divide 17208855?
True
Is 244 a factor of 767281466?
False
Is 220 a factor of 499116200?
True
Does 367 divide 46488339?
False
Does 2 divide 103925481?
False
Is 45123269 a multiple of 71?
True
Does 13 divide 1648269483?
False
Does 1016 divide 145078704?
True
Is 5948 a factor of 3610507376?
True
Is 176 a factor of 335381205?
False
Is 131 a factor of 372096051?
False
Does 10 divide 123508187?
False
Is 297 a factor of 10673810?
False
Does 26 divide 20742200?
False
Is 204 a factor of 14152500?
True
Does 343 divide 23698899?
True
Is 1142352640 a multiple of 57?
False
Is 48803872 a multiple of 11?
False
Does 672 divide 374209920?
True
Does 11 divide 36048282?
False
Is 18 a factor of 471384400?
False
Does 72 divide 36898272?
True
Is 10802129 a multiple of 131?
True
Is 107900204 a multiple of 105?
False
Does 294 divide 8472191?
False
Is 503 a factor of 1513056192?
True
Is 276605289 a multiple of 71?
False
Is 175 a factor of 4843807325?
True
Does 102 divide 13896907?
False
Is 3 a factor of 7714884?
True
Does 5 divide 18720845?
True
Is 8 a factor of 63304287?
False
Does 2481 divide 1395041490?
True
Does 3096 divide 1713720655?
False
Is 43 a factor of 115008789?
True
Is 836 a factor of 357048076?
True
Is 3541758319 a multiple of 157?
False
Is 2667656062 a multiple of 82?
True
Is 199962849 a multiple of 62?
False
Does 3106 divide 216981147?
False
Does 135 divide 74034135?
True
Is 88 a factor of 337527696?
True
Is 24 a factor of 543382?
False
Is 3793955321 a multiple of 3169?
True
Is 1161368 even?
True
Is 418275 a multiple of 65?
True
Is 182780650 a multiple of 13?
True
Is 28 a factor of 14841400?
True
Does 44 divide 166128160?
True
Does 58 divide 345743981?
False
Is 82307374 a multiple of 28?
False
Is 34 a factor of 2369711573?
False
Does 72 divide 143076528?
True
Is 8 a factor of 32296671?
False
Is 226 a factor of 36534256?
True
Is 304056240 a multiple of 228?
True
Is 2061 a factor of 228593754?
True
Is 968 a factor of 40886088?
False
Does 608 divide 8716458?
False
Is 388578016 a multiple of 6?
False
Is 59090025 a multiple of 25?
True
Is 10 a factor of 579243?
False
Is 857991151 a multiple of 421?
False
Is 317 a factor of 889960358?
False
Does 2642 divide 66909431?
False
Is 13074503 a multiple of 11?
False
Is 17196973 a multiple of 34?
False
Is 1218531672 a multiple of 12?
True
Is 242 a factor of 14282598?
True
Is 3785565 a multiple of 35?
True
Does 961 divide 142940497?
False
Does 366 divide 2660027136?
False
Is 155502666 a multiple of 891?
True
Is 11954148 a multiple of 58?
True
Is 47524450 a multiple of 16?
False
Does 136 divide 1585348?
False
Is 234620664 a multiple of 12?
True
Is 158864272 a multiple of 679?
True
Is 9 a factor of 1270106442?
True
Is 437 a factor of 23010631?
False
Is 16853088 a multiple of 7?
True
Does 1307 divide 921518648?
True
Is 189839015 a multiple of 305?
True
Is 11 a factor of 20240195?
False
Does 1546 divide 1421291910?
True
Is 14 a factor of 181338765?
False
Does 12 divide 23224651?
False
Is 26 a factor of 28009072?
True
Does 60 divide 9918401?
False
Is 3 a factor of 8794686?
True
Is 17156905 a multiple of 59?
True
Does 312 divide 10589189?
False
Is 10 a factor of 229081130?
True
Does 263 divide 2944364?
False
Does 223 divide 19148341?
True
Is 11 a factor of 40245150?
True
Is 567651737 a multiple of 106?
False
Is 33827368 a multiple of 1683?
False
Does 68 divide 10753452?
True
Is 83341428 a multiple of 106?
False
Does 466 divide 76257860?
False
Is 2974 a factor of 208052118?
True
Is 49196310 a multiple of 46?
True
Does 37 divide 550301?
True
Is 11 a factor of 388743117?
False
Is 585 a factor of 62959419?
False
Is 143303914 a multiple of 782?
False
Is 591993508 a multiple of 268?
True
Is 152 a factor of 